{"id":1389,"date":"2023-01-13T12:12:51","date_gmt":"2023-01-13T11:12:51","guid":{"rendered":"https:\/\/waldorf-studio.pl\/?post_type=product&#038;p=1389"},"modified":"2023-01-13T12:19:32","modified_gmt":"2023-01-13T11:19:32","slug":"konwerter-wifi-na-serial-rs232","status":"publish","type":"product","link":"https:\/\/waldorf-studio.pl\/index.php\/produkt\/konwerter-wifi-na-serial-rs232\/","title":{"rendered":"&#8211; PTZ RX &#8211; Konwerter Serial RS232 \/ WiFi"},"content":{"rendered":"<p>Konwerter dedykowany dla kontrolera PTZ naszej produkcji, cho\u0107 mo\u017cna go wykorzysta\u0107 z ka\u017cdym innym rodzajem sprz\u0119tu, w kt\u00f3rym zachodzi konieczno\u015b\u0107 przes\u0142ania danych pomi\u0119dzy portem RS232 a innym urz\u0105dzeniem przez sie\u0107 WiFi\/Ethernet.<br \/>\nDzi\u0119ki kontrolerowi mo\u017cemy zamieni\u0107 kamer\u0119 posiadaj\u0105c\u0105 do sterowania PTZ wy\u0142\u0105cznie port szeregowy w kamer\u0119 sterowan\u0105 po IP. Konwerter wpinamy w port szeregowy oraz zasilanie (max. 12V). Konfiguracja nast\u0119puje przez przegl\u0105dark\u0119. Konwerter mo\u017ce dzia\u0142a\u0107 w trybach AP lub Station.<\/p>\n","protected":false},"excerpt":{"rendered":"<p>Konwerter dedykowany dla kontrolera PTZ naszej produkcji, cho\u0107 mo\u017cna go wykorzysta\u0107 z ka\u017cdym innym rodzajem sprz\u0119tu, w kt\u00f3rym zachodzi konieczno\u015b\u0107 przes\u0142ania danych pomi\u0119dzy portem RS232 a innym urz\u0105dzeniem przez sie\u0107 WiFi\/Ethernet. Dzi\u0119ki kontrolerowi mo\u017cemy zamieni\u0107 kamer\u0119 posiadaj\u0105c\u0105 do sterowania PTZ wy\u0142\u0105cznie port szeregowy w kamer\u0119 sterowan\u0105 po IP. Konwerter wpinamy w port szeregowy oraz zasilanie <a class=\"read-more\" href=\"https:\/\/waldorf-studio.pl\/index.php\/produkt\/konwerter-wifi-na-serial-rs232\/\">Read More<\/a><\/p>\n","protected":false},"featured_media":1387,"template":"","meta":[],"product_brand":[],"product_cat":[17],"product_tag":[],"class_list":{"0":"post-1389","1":"product","2":"type-product","3":"status-publish","4":"has-post-thumbnail","6":"product_cat-elektronika","8":"first","9":"outofstock","10":"taxable","11":"shipping-taxable","12":"purchasable","13":"product-type-simple"},"aioseo_notices":[],"jetpack_sharing_enabled":true,"_links":{"self":[{"href":"https:\/\/waldorf-studio.pl\/index.php\/wp-json\/wp\/v2\/product\/1389","targetHints":{"allow":["GET"]}}],"collection":[{"href":"https:\/\/waldorf-studio.pl\/index.php\/wp-json\/wp\/v2\/product"}],"about":[{"href":"https:\/\/waldorf-studio.pl\/index.php\/wp-json\/wp\/v2\/types\/product"}],"wp:featuredmedia":[{"embeddable":true,"href":"https:\/\/waldorf-studio.pl\/index.php\/wp-json\/wp\/v2\/media\/1387"}],"wp:attachment":[{"href":"https:\/\/waldorf-studio.pl\/index.php\/wp-json\/wp\/v2\/media?parent=1389"}],"wp:term":[{"taxonomy":"product_brand","embeddable":true,"href":"https:\/\/waldorf-studio.pl\/index.php\/wp-json\/wp\/v2\/product_brand?post=1389"},{"taxonomy":"product_cat","embeddable":true,"href":"https:\/\/waldorf-studio.pl\/index.php\/wp-json\/wp\/v2\/product_cat?post=1389"},{"taxonomy":"product_tag","embeddable":true,"href":"https:\/\/waldorf-studio.pl\/index.php\/wp-json\/wp\/v2\/product_tag?post=1389"}],"curies":[{"name":"wp","href":"https:\/\/api.w.org\/{rel}","templated":true}]}}